s the greatest common factor of 12478 and 1040536?
34
What is the highest common divisor of 18479 and 293267?
17
Calculate the highest common factor of 2792181 and 126.
21
What is the highest common divisor of 14539464 and 504?
72
Calculate the highest common divisor of 1666 and 348664764.
238
What is the greatest common factor of 47631421 and 113?
113
What is the highest common divisor of 5557097 and 21?
7
What is the highest common divisor of 664900090 and 10?
10
Calculate the greatest common factor of 17778740 and 6467.
29
Calculate the greatest common factor of 12767 and 5984.
17
Calculate the greatest common factor of 2782 and 117058.
214
Calculate the greatest common factor of 863501 and 44731.
41
What is the greatest common factor of 75339876 and 99836?
9076
Calculate the greatest common divisor of 1246942 and 522.
58
Calculate the highest common factor of 15622464 and 594.
66
What is the highest common divisor of 2800 and 36643200?
400
Calculate the highest common factor of 5450 and 280425.
25
Calculate the highest common factor of 5925353 and 5963.
89
What is the greatest common factor of 3115745 and 1141?
163
What is the highest common divisor of 96 and 53443944?
24
What is the highest common factor of 12 and 22069389?
3
Calculate the greatest common divisor of 76 and 6412880.
76
What is the highest common divisor of 111081027 and 1803?
1803
What is the highest common factor of 18325840 and 78?
26
What is the highest common divisor of 85891201 and 46881?
5209
What is the highest common divisor of 42344 and 45583?
79
What is the highest common divisor of 10923184 and 112?
16
What is the highest common divisor of 2834778645 and 45?
45
What is the highest common divisor of 220 and 1728020?
20
What is the highest common divisor of 188 and 3066656?
188
Calculate the highest common divisor of 852786 and 6570.
1314
Calculate the highest common factor of 5136 and 394792.
8
What is the highest common divisor of 5325 and 43275?
75
Calculate the highest common divisor of 4277 and 15770615.
329
What is the highest common divisor of 75 and 4994925?
75
What is the highest common divisor of 53781970 and 70?
10
What is the greatest common divisor of 2936 and 2730208?
8
Calculate the highest common divisor of 127644 and 29352.
12
Calculate the greatest common divisor of 90 and 49419648.
18
What is the greatest common divisor of 6924 and 352122?
6
What is the highest common factor of 3292 and 109091119?
823
Calculate the highest common divisor of 385 and 135469026.
77
What is the highest common factor of 768 and 917616?
48
What is the greatest common divisor of 16548517 and 1844?
461
Calculate the greatest common divisor of 753470991 and 22932.
5733
Calculate the greatest common factor of 1530837 and 3339.
63
What is the highest common divisor of 65446828 and 1660?
332
What is the greatest common factor of 431481162 and 147?
147
Calculate the greatest common factor of 1238427 and 12321.
333
What is the greatest common factor of 610 and 278624332?
122
What is the greatest common factor of 104 and 17492?
4
Calculate the greatest common factor of 2466605 and 47545.
185
Calculate the greatest common factor of 70227 and 31994.
17
Calculate the highest common factor of 16848 and 5595.
3
What is the greatest common divisor of 2380 and 12403678?
14
Calculate the greatest common factor of 4068 and 439750348.
452
Calculate the greatest common factor of 136457956 and 856.
428
Calculate the greatest common divisor of 17865267 and 1029.
21
Calculate the highest common factor of 2660 and 1917290.
190
Calculate the highest common factor of 21510 and 51578112.
1434
Calculate the highest common divisor of 3770 and 1398206.
58
Calculate the greatest common factor of 2112 and 129462432.
1056
Calculate the highest common factor of 1945347 and 3.
3
Calculate the highest common factor of 252531 and 3969.
27
What is the highest common divisor of 8358 and 7770154?
2786
What is the greatest common divisor of 151413982 and 8574?
2858
Calculate the greatest common factor of 23668 and 2877492.
244
Calculate the highest common factor of 1068 and 7807881.
267
What is the highest common factor of 13696 and 554902?
214
What is the greatest common divisor of 271393313 and 31?
31
Calculate the greatest common factor of 491504703 and 41352.
5169
What is the highest common divisor of 20 and 42230228?
4
Calculate the greatest common factor of 44 and 271060.
4
What is the highest common divisor of 1363 and 178882?
47
Calculate the highest common divisor of 773476368 and 2256.
2256
What is the greatest common divisor of 22022196 and 15?
3
Calculate the greatest common divisor of 396 and 160649852.
44
What is the greatest common divisor of 1188 and 1519236?
108
Calculate the greatest common factor of 36743716 and 2.
2
What is the greatest common divisor of 7566744 and 48?
24
What is the highest common factor of 3248261 and 58?
29
What is the greatest common divisor of 4437 and 136807007?
493
What is the highest common factor of 5084 and 1702179?
31
What is the greatest common divisor of 51655404 and 1554?
222
What is the greatest common factor of 109072 and 5227436?
1604
Calculate the highest common divisor of 310618 and 4466.
154
What is the greatest common factor of 60171338 and 3918?
1306
Calculate the highest common factor of 15845641 and 14.
7
What is the highest common factor of 51072105 and 34707?
1509
Calculate the greatest common divisor of 90106840 and 320.
40
Calculate the greatest common factor of 1417761 and 513.
171
Calculate the highest common factor of 12837146 and 994.
14
Calculate the highest common factor of 196875080 and 7760.
3880
What is the highest common factor of 4067 and 120248989?
4067
What is the highest common factor of 598820 and 4645200?
1580
Calculate the highest common divisor of 91035 and 31905600.
4335
Calculate the highest common divisor of 59629626 and 18270.
3654
Calculate the highest common divisor of 393191414 and 124.
62
What is the highest common divisor of 688019400 and 3090?
3090
Calculate the highest common factor of 322 and 3809996.
46
Calculate the greatest common divisor of 113200 and 37040.
80
Calculate the greatest common factor of 376673 and 2189.
11
What is the greatest common factor of 32751535 and 95?
95
What is the greatest common divisor of 724 and 121324662?
362
Calculate the highest common factor of 257169 and 50193.
33
Calculate the highest common divisor of 7482216 and 2128.
56
Calculate the greatest common factor of 270546794 and 196.
14
What is the greatest common divisor of 11642 and 344?
2
What is the greatest common divisor of 171825 and 2041890?
435
Calculate the highest common divisor of 257461 and 3242705.
3259
What is the highest common factor of 37400 and 265?
5
What is the greatest common divisor of 14570 and 266755?
155
Calculate the greatest common divisor of 3175566 and 53480.
382
Calculate the greatest common factor of 240 and 1253621580.
60
What is the highest common factor of 122785 and 199185605?
9445
What is the greatest common divisor of 176 and 48179384?
88
Calculate the greatest common factor of 370 and 222.
74
What is the highest common divisor of 260 and 1026675?
65
Calculate the highest common divisor of 2888 and 9443.
19
What is the highest common factor of 622 and 41383526?
622
Calculate the highest common divisor of 47379406 and 2.
2
Calculate the highest common divisor of 7511014 and 3773.
343
What is the highest common factor of 3 and 274403?
1
Calculate the highest common divisor of 656 and 908472752.
656
Calculate the greatest common divisor of 4286 and 645043.
2143
Calculate the greatest common factor of 237352 and 24656.
8
What is the greatest common divisor of 2838161 and 3376?
211
Calculate the greatest common factor of 12 and 225597.
3
Calculate the highest common factor of 111 and 12293718.
3
What is the highest common divisor of 64277779 and 19?
19
Calculate the highest common divisor of 7068 and 1642008.
372
Calculate the highest common divisor of 10527 and 10488885.
363
Calculate the greatest common factor of 96934 and 497284.
34
Calculate the highest common divisor of 974 and 85898034.
974
What is the greatest common divisor of 289711 and 3033202?
1031
Calculate the highest common fact